{"version":"1.0","provider_name":"hogyan","provider_url":"https:\/\/choix.cafeblog.hu","author_name":"Katalin","author_url":"https:\/\/choix.cafeblog.hu\/author\/p-olah-katalingmail-com\/","title":"Majdnem b\u00e9csi alm\u00e1s","html":"<p>Ritk\u00e1n fordul el\u0151, hogy\u00a0 valamit szeretn\u00e9k \u00e9s az\u00a0 szinte r\u00f6gt\u00f6n teljes\u00fcl. A mai nap ilyen volt. Tegnap kigondoltam valamit \u00e9s a v\u00e9letlen vagy a vakszerencse ma beteljes\u00edtette.<\/p>\r\n<p>Hirtelen alakult \u00fagy, hogy ma Egerben voltunk (term\u00e9szetesen az Egri Csillagok v\u00e1rtak) \u00e9s megkerest\u00fck\u00a0 Csernus doktor k\u00e1v\u00e9z\u00f3j\u00e1t. Sz\u00f3 szerint kerest\u00fck, mert hi\u00e1ba van a Dob\u00f3 t\u00e9ren, olyan jellegtelen k\u00edv\u00fclr\u0151l, hogy el\u0151sz\u00f6r elment\u00fcnk mellette. Bentr\u0151l azt\u00e1n ezt l\u00e1ttuk az ablakon \u00e1t:<\/p>\r\n<p><img class=\"alignnone size-medium wp-image-94\" src=\"https:\/\/choix.cafeblog.hu\/files\/2017\/11\/IMG_2016-225x300.jpg\" alt=\"\" width=\"225\" height=\"300\" \/><\/p>\r\n<p>Ilyen panor\u00e1ma t\u00e1rul az ablakn\u00e1l \u00fcl\u0151 vend\u00e9gek el\u00e9: a Dob\u00f3 t\u00e9r \u00e9s a V\u00e1r. (Ny\u00e1ron a teraszr\u00f3l lehet n\u00e9zni.) J\u00f3 \u00e9rz\u00e9kkel v\u00e1lasztotta ki a k\u00e1v\u00e9z\u00f3 hely\u00e9t, az biztos.<\/p>\r\n<p>Bent visszafogott minden. A\u00a0 log\u00f3 k\u00e9kje itt-ott visszak\u00f6sz\u00f6n, de \u00edzl\u00e9sesen, nem harsog mindenfel\u00e9 ez a nekem kicsit (nagyon) \u00e9l\u00e9nk k\u00e9k sz\u00edn.<\/p>\r\n<p><img class=\"alignnone size-medium wp-image-95\" src=\"https:\/\/choix.cafeblog.hu\/files\/2017\/11\/IMG_2020-225x300.jpg\" alt=\"\" width=\"225\" height=\"300\" \/><\/p>\r\n<p>Az \u00e9tlap j\u00f3 p\u00e9lda a hull\u00e1mpap\u00edr \u00fajrahasznos\u00edt\u00e1s\u00e1ra:<\/p>\r\n<p><img class=\"alignnone size-medium wp-image-96\" src=\"https:\/\/choix.cafeblog.hu\/files\/2017\/11\/IMG_2021-225x300.jpg\" alt=\"\" width=\"225\" height=\"300\" \/><\/p>\r\n<p>L\u00fadl\u00e1b tortaszeletet \u00e9s alm\u00e1s pit\u00e9t rendelt\u00fcnk. Annyira finom volt, hogy azt nem tudom le\u00edrni. Nagyon-nagyon!<\/p>\r\n<p><img class=\"alignnone size-medium wp-image-97\" src=\"https:\/\/choix.cafeblog.hu\/files\/2017\/11\/IMG_2025-225x300.jpg\" alt=\"\" width=\"225\" height=\"300\" \/><\/p>\r\n<p>B\u00e9csben azt mondtam, hogy a b\u00e9csi alm\u00e1s r\u00e9tesnek nincs p\u00e1rja, nem is lehet, mert az maga\u00a0 a t\u00f6k\u00e9ly.<\/p>\r\n<p>Most picit m\u00f3dos\u00edtok: a Depresso K\u00e1v\u00e9z\u00f3 alm\u00e1s pit\u00e9je majdnem el\u00e9ri azt a sz\u00ednvonalat...\u00e9s az \u00edz\u00e9lm\u00e9ny\u00e9rt nem kell B\u00e9csig utazni. Itt van t\u0151l\u00fcnk 100 km-re.<\/p>\r\n<p>A Csernus-t\u00e9m\u00e1t a mai nappal kimer\u00edtettem.<\/p>","type":"rich"}

Majdnem bécsi almás

<p>Ritkán fordul elő, hogy  valamit szeretnék és az  szinte rögtön teljesül. A mai nap ilyen volt. Tegnap kigondoltam valamit és a véletlen vagy a vakszerencse ma beteljesítette.</p>
<p>Hirtelen alakult úgy, hogy ma Egerben voltunk (természetesen az Egri Csillagok vártak) és megkerestük  Csernus doktor kávézóját. Szó szerint kerestük, mert hiába van a Dobó téren, olyan jellegtelen kívülről, hogy először elmentünk mellette. Bentről aztán ezt láttuk az ablakon át:</p>
<p><img class="alignnone size-medium wp-image-94" src="https://choix.cafeblog.hu/files/2017/11/IMG_2016-225x300.jpg" alt="" width="225" height="300" /></p>
<p>Ilyen panoráma tárul az ablaknál ülő vendégek elé: a Dobó tér és a Vár. (Nyáron a teraszról lehet nézni.) Jó érzékkel választotta ki a kávézó helyét, az biztos.</p>
<p>Bent visszafogott minden. A  logó kékje itt-ott visszaköszön, de ízlésesen, nem harsog mindenfelé ez a nekem kicsit (nagyon) élénk kék szín.</p>
<p><img class="alignnone size-medium wp-image-95" src="https://choix.cafeblog.hu/files/2017/11/IMG_2020-225x300.jpg" alt="" width="225" height="300" /></p>
<p>Az étlap jó példa a hullámpapír újrahasznosítására:</p>
<p><img class="alignnone size-medium wp-image-96" src="https://choix.cafeblog.hu/files/2017/11/IMG_2021-225x300.jpg" alt="" width="225" height="300" /></p>
<p>Lúdláb tortaszeletet és almás pitét rendeltünk. Annyira finom volt, hogy azt nem tudom leírni. Nagyon-nagyon!</p>
<p><img class="alignnone size-medium wp-image-97" src="https://choix.cafeblog.hu/files/2017/11/IMG_2025-225x300.jpg" alt="" width="225" height="300" /></p>
<p>Bécsben azt mondtam, hogy a bécsi almás rétesnek nincs párja, nem is lehet, mert az maga  a tökély.</p>
<p>Most picit módosítok: a Depresso Kávézó almás pitéje majdnem eléri azt a színvonalat...és az ízélményért nem kell Bécsig utazni. Itt van tőlünk 100 km-re.</p>
<p>A Csernus-témát a mai nappal kimerítettem.</p>
