{"version":"1.0","provider_name":"hogyan","provider_url":"https:\/\/choix.cafeblog.hu","author_name":"Katalin","author_url":"https:\/\/choix.cafeblog.hu\/author\/p-olah-katalingmail-com\/","title":"Vend\u00e9gv\u00e1r\u00e1s","html":"<p>Vend\u00e9get v\u00e1rok, rendet teszek a h\u00e1zban, \u00f6sszeszedem a sz\u00e9thagyott ruh\u00e1kat, cip\u0151ket, k\u00f6nyveket, pap\u00edrokat, t\u00e1ny\u00e9rokat, kiviszem a szemetet, tal\u00e1n porsz\u00edv\u00f3zni is fogok, felmosok a konyh\u00e1ban, elpakolok a ruhasz\u00e1r\u00edt\u00f3r\u00f3l,\u00a0 kitakar\u00edtom a f\u00fcrd\u0151szob\u00e1t \u00e9s...\u00e9s...\u00e9s...\u00e9s err\u0151l eszembe jutott Janikovszky \u00c9va.<\/p>\r\n<p>\"Ha mihozz\u00e1nk vend\u00e9g j\u00f6n, akkor anyuk\u00e1m feket\u00e9t f\u0151z, \u00e9s becsukja a mi szob\u00e1nk ajtaj\u00e1t, mert oda jobb be se n\u00e9zni.<\/p>\r\n<p>De sajnos a tan\u00edt\u00f3 n\u00e9ni el\u0151re meg\u00fczente anyuk\u00e1mnak, hogy ne tekints\u00fck \u0151t vend\u00e9gnek, mert csak a csal\u00e1ddal szeretne megismerkedni.<\/p>\r\n<p>Ez\u00e9rt anyuk\u00e1m lemosta az ajt\u00f3kat, \u00e9s elrakta a kab\u00e1tokat meg a cip\u0151ket az el\u0151szob\u00e1b\u00f3l. Apuk\u00e1m megragasztotta a fotel l\u00e1b\u00e1t, \u00e9s becsavart m\u00e9g k\u00e9t \u00e9g\u0151t a csill\u00e1rba.<\/p>\r\n<p>A Bori leszedte a sz\u00edn\u00e9szk\u00e9peket a falr\u00f3l, \u00e9n pedig kivittem a vadgeszteny\u00e9imet az erk\u00e9lyre.<\/p>\r\n<p>Amikor m\u00e1r olyan rend volt, amilyen nem szokott lenni, akkor a Pacsitacsit is \u00e1tk\u00fcldt\u00fck a szomsz\u00e9dba, mert \u0151 nem tudhatja, hogy a tan\u00edt\u00f3 n\u00e9ni nem vend\u00e9g, \u00e9s lehet, hogy megr\u00e1gja a cip\u0151j\u00e9t, ahogy a vend\u00e9geknek szokta.<\/p>\r\n<p>A tan\u00edt\u00f3 n\u00e9ni csak f\u00e9l \u00f3r\u00e1ig volt n\u00e1lunk, m\u00e9gis j\u00f3l megismerkedett a csal\u00e1ddal, mert k\u00f6zben meg\u00e9rkeztek a Bandi b\u00e1csi\u00e9k \u00c9rdr\u0151l, az alattunk lak\u00f3k felkiab\u00e1ltak, hogy legurultak a geszteny\u00e9k az erk\u00e9lyr\u0151l, a szomsz\u00e9db\u00f3l hazazavart\u00e1k a Pacsitacsit, mert nem tudta, hogy az \u0151 konyh\u00e1jukban is szobatiszt\u00e1nak kell lenni.<\/p>\r\n<p>De \u00e9n nem is b\u00e1ntam, mert \u00edgy a tan\u00edt\u00f3 n\u00e9ni legal\u00e1bb l\u00e1tta, hogy mi itthon is el\u00e9g elevenek szoktunk lenni.\" (Janikovszky \u00c9va: Velem mindig t\u00f6rt\u00e9nik valami)<\/p>\r\n<p>\u00c9n m\u00e9g s\u00fctem\u00e9nyt is fogok s\u00fctni.<\/p>","type":"rich"}

Vendégvárás

<p>Vendéget várok, rendet teszek a házban, összeszedem a széthagyott ruhákat, cipőket, könyveket, papírokat, tányérokat, kiviszem a szemetet, talán porszívózni is fogok, felmosok a konyhában, elpakolok a ruhaszárítóról,  kitakarítom a fürdőszobát és...és...és...és erről eszembe jutott Janikovszky Éva.</p>
<p>"Ha mihozzánk vendég jön, akkor anyukám feketét főz, és becsukja a mi szobánk ajtaját, mert oda jobb be se nézni.</p>
<p>De sajnos a tanító néni előre megüzente anyukámnak, hogy ne tekintsük őt vendégnek, mert csak a családdal szeretne megismerkedni.</p>
<p>Ezért anyukám lemosta az ajtókat, és elrakta a kabátokat meg a cipőket az előszobából. Apukám megragasztotta a fotel lábát, és becsavart még két égőt a csillárba.</p>
<p>A Bori leszedte a színészképeket a falról, én pedig kivittem a vadgesztenyéimet az erkélyre.</p>
<p>Amikor már olyan rend volt, amilyen nem szokott lenni, akkor a Pacsitacsit is átküldtük a szomszédba, mert ő nem tudhatja, hogy a tanító néni nem vendég, és lehet, hogy megrágja a cipőjét, ahogy a vendégeknek szokta.</p>
<p>A tanító néni csak fél óráig volt nálunk, mégis jól megismerkedett a családdal, mert közben megérkeztek a Bandi bácsiék Érdről, az alattunk lakók felkiabáltak, hogy legurultak a gesztenyék az erkélyről, a szomszédból hazazavarták a Pacsitacsit, mert nem tudta, hogy az ő konyhájukban is szobatisztának kell lenni.</p>
<p>De én nem is bántam, mert így a tanító néni legalább látta, hogy mi itthon is elég elevenek szoktunk lenni." (Janikovszky Éva: Velem mindig történik valami)</p>
<p>Én még süteményt is fogok sütni.</p>
