{"version":"1.0","provider_name":"hogyan","provider_url":"https:\/\/choix.cafeblog.hu","author_name":"Katalin","author_url":"https:\/\/choix.cafeblog.hu\/author\/p-olah-katalingmail-com\/","title":"Hol a boldogs\u00e1g mostan\u00e1ban?","html":"<p>Hol a boldogs\u00e1g mostan\u00e1ban? Term\u00e9szetesen a bar\u00e1ts\u00e1gos, j\u00f3 meleg szob\u00e1ban.<\/p>\r\n<p>A hossz\u00fa h\u00e9tv\u00e9ge minden k\u00fcls\u0151 tev\u00e9kenys\u00e9gre alkalmatlan volt, pedig a teraszt t\u00e9nyleg szerettem volna m\u00e1r tavaszi haszn\u00e1latra alkalmass\u00e1 tenni. M\u00e9g a kerttel is volt egy apr\u00f3 tervem, szerettem volna a rozmaringot \u00e9s a levendul\u00e1kat visszametszeni. Nem mintha \u00e9rten\u00e9k hozz\u00e1, de \u00fagy \"gondolomra\" meg tudtam volna csin\u00e1lni. De j\u00f6tt a h\u00f3 \u00e9s nek\u00fcnk maradt a benti lust\u00e1lkod\u00e1s a bar\u00e1ts\u00e1gos, j\u00f3 meleg szob\u00e1ban \u00e9s egy j\u00f3 k\u00f6nyv.<\/p>\r\n<p>N\u00e1lam most egy \u00faj francia nyelvk\u00f6nyv a sl\u00e1ger, ebb\u0151l a tanul\u00e1s egyszer\u0171 \u00e9s sz\u00f3rakoztat\u00f3. \u00c9letszer\u0171 sz\u00f6vegeket, rekl\u00e1mokat, \u00fajs\u00e1gcikkeket olvasgatok \u00e9s ragadnak r\u00e1m a szavak, kifejez\u00e9sek. Nagyon \u00e9lvezem, hogy \u00e9rtem, amit olvasok \u00e9s ha akarom, el is tudom mondani franci\u00e1ul. Persze m\u00e9g lassan besz\u00e9lek (\u00e9s val\u00f3sz\u00edn\u0171leg rengeteg hib\u00e1val), m\u00e9g nem tudom a norm\u00e1lis besz\u00e9dtemp\u00f3t sem, de majd egyszer menni fog az is. Ha egyed\u00fcl vagyok itthon, a h\u00e1tt\u00e9rben a TV5 Monde ad\u00e1sa megy, nem \u00e9rtek bel\u0151le szinte semmit, de legal\u00e1bb szokja a f\u00fclem a nyelvet.<\/p>\r\n<p>Hol a boldogs\u00e1g m\u00e9g?\u00a0 Saj\u00e1t \u00fatifilmjeinket n\u00e9zt\u00fck \u00e9s k\u00f6zben pattogatott kukoric\u00e1t ett\u00fcnk, besz\u00e9lgett\u00fcnk telefonon a n\u00e9gy \u00e9s f\u00e9l\u00e9ves t\u00fcnd\u00e9rk\u00e9vel, k\u00e9peket n\u00e9zegett\u00fcnk a Magas-T\u00e1tr\u00e1r\u00f3l \u00e9s \u00f6r\u00fclt\u00fcnk a csal\u00e1db\u00f3l \u00e9rkez\u0151 j\u00f3 h\u00edreknek.<\/p>\r\n<p>Egy h\u00e9t kihagy\u00e1s ut\u00e1n \u00fajra tudok torn\u00e1zni.<\/p>\r\n<p>A\u00a0 tavasz meg majd j\u00f6n, amikor akar. \u00c9n nem s\u00fcrgetem.<\/p>","type":"rich"}

Hol a boldogság mostanában?

<p>Hol a boldogság mostanában? Természetesen a barátságos, jó meleg szobában.</p>
<p>A hosszú hétvége minden külső tevékenységre alkalmatlan volt, pedig a teraszt tényleg szerettem volna már tavaszi használatra alkalmassá tenni. Még a kerttel is volt egy apró tervem, szerettem volna a rozmaringot és a levendulákat visszametszeni. Nem mintha értenék hozzá, de úgy "gondolomra" meg tudtam volna csinálni. De jött a hó és nekünk maradt a benti lustálkodás a barátságos, jó meleg szobában és egy jó könyv.</p>
<p>Nálam most egy új francia nyelvkönyv a sláger, ebből a tanulás egyszerű és szórakoztató. Életszerű szövegeket, reklámokat, újságcikkeket olvasgatok és ragadnak rám a szavak, kifejezések. Nagyon élvezem, hogy értem, amit olvasok és ha akarom, el is tudom mondani franciául. Persze még lassan beszélek (és valószínűleg rengeteg hibával), még nem tudom a normális beszédtempót sem, de majd egyszer menni fog az is. Ha egyedül vagyok itthon, a háttérben a TV5 Monde adása megy, nem értek belőle szinte semmit, de legalább szokja a fülem a nyelvet.</p>
<p>Hol a boldogság még?  Saját útifilmjeinket néztük és közben pattogatott kukoricát ettünk, beszélgettünk telefonon a négy és féléves tündérkével, képeket nézegettünk a Magas-Tátráról és örültünk a családból érkező jó híreknek.</p>
<p>Egy hét kihagyás után újra tudok tornázni.</p>
<p>A  tavasz meg majd jön, amikor akar. Én nem sürgetem.</p>
