{"version":"1.0","provider_name":"hogyan","provider_url":"https:\/\/choix.cafeblog.hu","author_name":"Katalin","author_url":"https:\/\/choix.cafeblog.hu\/author\/p-olah-katalingmail-com\/","title":"Hetij\u00f3","html":"<p>1.<\/p>\r\n<p>-K\u00e1rty\u00e1zunk?<\/p>\r\n<p>-Persze, csillagom.<\/p>\r\n<p>-J\u00f3. Elmagyar\u00e1zom a szab\u00e1lyt. Az eg\u00e9rre kell tenni a cic\u00e1t, a cic\u00e1ra a kuty\u00e1t, arra meg a k\u00f3p\u00e9t. \u00c9rted?<\/p>\r\n<p>-Igen.<\/p>\r\n<p>-El\u0151sz\u00f6r h\u00fazz\u00e1l egyet \u00e9s \u00e9n is h\u00fazok, de nem mutathatjuk meg egym\u00e1snak.<\/p>\r\n<p>-\u00d3, egeret h\u00faztam. Ja, nem mondhatom el. H\u00fazok m\u00e1sikat.<\/p>\r\n<p>-Nem h\u00fazhatsz. De m\u00e1skor ne mondd el.<\/p>\r\n<p>Rakjuk sz\u00e9pen szab\u00e1ly szerint a k\u00e1rty\u00e1inkat \u00e9s igyekszem nem felt\u0171n\u0151en, de az \u0151 gy\u0151zelm\u00e9re r\u00e1seg\u00edteni. Amikor t\u00e9nyleg \u0151 gy\u0151z, ezt mondja:<\/p>\r\n<p>-Persze, hogy \u00e9n gy\u0151ztem. Amikor veled j\u00e1tszom, mindig \u00e9n gy\u0151z\u00f6k.<\/p>\r\n<p>-\u00c9rdekes, ugye? \u00c9s ha velem j\u00e1tszol, mindig gy\u0151zni is fogsz.\u00a0<\/p>\r\n<p>-Tudom.<\/p>\r\n<p>2.<\/p>\r\n<p>Eger, Bazilika, \u00c9rsekkert, tavir\u00f3zs\u00e1k \u00e9s sz\u0151l\u0151hegy.<\/p>\r\n<p>Eger forever.<\/p>\r\n<p><img class=\"alignnone size-medium wp-image-2285\" src=\"https:\/\/choix.cafeblog.hu\/files\/2019\/05\/Bazilika-300x225.jpg\" alt=\"\" width=\"300\" height=\"225\" \/> <img class=\"alignnone size-medium wp-image-2286\" src=\"https:\/\/choix.cafeblog.hu\/files\/2019\/05\/tavir\u00f3zs\u00e1l-300x200.jpg\" alt=\"\" width=\"300\" height=\"200\" \/> <img class=\"alignnone size-medium wp-image-2287\" src=\"https:\/\/choix.cafeblog.hu\/files\/2019\/05\/sz\u0151l\u0151-300x225.jpg\" alt=\"\" width=\"300\" height=\"225\" \/><\/p>\r\n<p>3.<\/p>\r\n<p>T\u00f3th Zolt\u00e1n \u00e9s a Jam-Republic koncertje a Zempl\u00e9nben,\u00a0 R\u00e1tk\u00e1n.<\/p>\r\n<p>Nekem a Republic-ot Cip\u0151 hal\u00e1la ut\u00e1n T\u00f3th Zolt\u00e1n jelentette. Nem volt k\u00e9rd\u00e9s, hogy meghallgatjuk. <\/p>\r\n<p>A koncert ut\u00e1n igaz\u00e1n\u00a0 szomor\u00fa lettem, nagyon. H\u00e1t, most m\u00e1r nekem t\u00e9nyleg nincs tov\u00e1bb Republic. El\u0151sz\u00f6r elvesztettem Cip\u0151t \u00e9s tegnap elvesztettem Zolt\u00e1nt is. Nagyon sajn\u00e1lom. Tal\u00e1n a K\u00f6zt\u00e1rsas\u00e1g Park form\u00e1ci\u00f3nak vagy T\u00f3th Zolt\u00e1n \u00f6n\u00e1ll\u00f3 fell\u00e9p\u00e9s\u00e9nek egyszer adni fogok m\u00e9g egy es\u00e9lyt.<\/p>\r\n<p>Tal\u00e1n.<\/p>\r\n<p>https:\/\/www.youtube.com\/watch?v=8zV45mt6rws<\/p>\r\n<p>&nbsp;<\/p>","type":"rich"}

Hetijó

<p>1.</p>
<p>-Kártyázunk?</p>
<p>-Persze, csillagom.</p>
<p>-Jó. Elmagyarázom a szabályt. Az egérre kell tenni a cicát, a cicára a kutyát, arra meg a kópét. Érted?</p>
<p>-Igen.</p>
<p>-Először húzzál egyet és én is húzok, de nem mutathatjuk meg egymásnak.</p>
<p>-Ó, egeret húztam. Ja, nem mondhatom el. Húzok másikat.</p>
<p>-Nem húzhatsz. De máskor ne mondd el.</p>
<p>Rakjuk szépen szabály szerint a kártyáinkat és igyekszem nem feltűnően, de az ő győzelmére rásegíteni. Amikor tényleg ő győz, ezt mondja:</p>
<p>-Persze, hogy én győztem. Amikor veled játszom, mindig én győzök.</p>
<p>-Érdekes, ugye? És ha velem játszol, mindig győzni is fogsz. </p>
<p>-Tudom.</p>
<p>2.</p>
<p>Eger, Bazilika, Érsekkert, tavirózsák és szőlőhegy.</p>
<p>Eger forever.</p>
<p><img class="alignnone size-medium wp-image-2285" src="https://choix.cafeblog.hu/files/2019/05/Bazilika-300x225.jpg" alt="" width="300" height="225" /> <img class="alignnone size-medium wp-image-2286" src="https://choix.cafeblog.hu/files/2019/05/tavirózsál-300x200.jpg" alt="" width="300" height="200" /> <img class="alignnone size-medium wp-image-2287" src="https://choix.cafeblog.hu/files/2019/05/szőlő-300x225.jpg" alt="" width="300" height="225" /></p>
<p>3.</p>
<p>Tóth Zoltán és a Jam-Republic koncertje a Zemplénben,  Rátkán.</p>
<p>Nekem a Republic-ot Cipő halála után Tóth Zoltán jelentette. Nem volt kérdés, hogy meghallgatjuk. </p>
<p>A koncert után igazán  szomorú lettem, nagyon. Hát, most már nekem tényleg nincs tovább Republic. Először elvesztettem Cipőt és tegnap elvesztettem Zoltánt is. Nagyon sajnálom. Talán a Köztársaság Park formációnak vagy Tóth Zoltán önálló fellépésének egyszer adni fogok még egy esélyt.</p>
<p>Talán.</p>
<p>https://www.youtube.com/watch?v=8zV45mt6rws</p>
<p>&nbsp;</p>
