{"version":"1.0","provider_name":"hogyan","provider_url":"https:\/\/choix.cafeblog.hu","author_name":"Katalin","author_url":"https:\/\/choix.cafeblog.hu\/author\/p-olah-katalingmail-com\/","title":"A rendszer \u00e9s gazd\u00e1ja","html":"<p>Az \u00e9let\u00fcnket okt\u00f3ber elej\u00e9re m\u00e1r \u00e1ltal\u00e1ban siker\u00fcl visszarendezni a ny\u00e1ri szabads\u00e1g lazas\u00e1g\u00e1b\u00f3l a dolgos h\u00e9tk\u00f6znapokba. A lust\u00e1bb, k\u00f6tetlenebb \u00e9s k\u00f6vetkezetlenebb ny\u00e1ri\u00a0 \u00e9letvitelt ilyenkorra m\u00e1r siker\u00fclni szokott valamilyen elfogadhat\u00f3 rendszerbe, ha nem is szor\u00edtani, de legal\u00e1bb terelgetni. Az id\u00e9n ez (m\u00e9g) nem siker\u00fclt, de persze az\u00e9rt terelgetj\u00fck, igyeksz\u00fcnk a ny\u00e1ri k\u00f6tetlens\u00e9gb\u0151l t\u00f6bb dolgot \u00e1tmenteni.\u00a0 Megval\u00f3s\u00edtani nem tudtunk (m\u00e9g) mindent, de szeretn\u00e9nk, ha kialakulna valamilyen elfogadhat\u00f3 \u00faj egyens\u00faly, ami viszonylag nagyobb er\u0151fesz\u00edt\u00e9s n\u00e9lk\u00fcl tarthat\u00f3 \u00e9s ami ki is tart a k\u00f6vetkez\u0151 hosszabb szabads\u00e1gig.\u00a0<\/p>\r\n<p>\u00cdgy okt\u00f3ber els\u0151 hete ut\u00e1n j\u00f3l l\u00e1tszik, hogy az \u00faj egyens\u00faly nem alakult ki \u00e9s a rossz h\u00edr az, hogy er\u0151fesz\u00edt\u00e9s n\u00e9lk\u00fcl nem is fog. Van az\u00e9rt n\u00e9h\u00e1ny apr\u00f3 siker\u00fcnk, persze messze nem annyi, mint amennyit szerett\u00fcnk volna, de h\u00e1t be kell l\u00e1tni, hogy a rendszer\u00fcnknek mi vagyunk a gazd\u00e1i \u00e9s tal\u00e1n, esetleg m\u00e9g az is lehets\u00e9ges, hogy nem vagyunk j\u00f3 gazd\u00e1i.<\/p>\r\n<p>De legy\u00fcnk m\u00e9rt\u00e9ktart\u00f3ak az \u00f6nv\u00e1dban, n\u00e9zz\u00fck ink\u00e1bb azt, ami siker\u00fclt.<\/p>\r\n<p>Siker\u00fclt \u00e1tmenteni a szieszt\u00e1t, amit nagyon j\u00f3l megszoktunk a szabads\u00e1g ideje alatt, most ugyan csak h\u00e9tv\u00e9g\u00e9n engedhetj\u00fck meg magunknak, de akkor meg is engedj\u00fck.<\/p>\r\n<p>Siker\u00fclt bel\u00e1tni, hogy a szombati k\u00e9s\u0151 esti vagy \u00e9jszak\u00e1ba ny\u00fal\u00f3 programokat \u00e1t kell gondolni,\u00a0 mert egy \u00e9jszak\u00e1z\u00e1s ut\u00e1n csak egyetlen \u00e1rva vas\u00e1rnapunk van a pihen\u00e9sre \u00e9s h\u00e1t annyi nem el\u00e9g. R\u00e9gebben el\u00e9g volt,\u00a0 most m\u00e1r nem, \u00e9s ezt nehezen ugyan, de bel\u00e1ttuk. \u00cdgy azt\u00e1n a k\u00edn\u00e1latb\u00f3l olyat v\u00e1lasztunk, ami ut\u00e1n m\u00e9g emberi id\u0151ben haza tudunk \u00e9rni \u00e9s nem ny\u00falik bele (nagyon) az \u00e9jszak\u00e1ba. K\u00edn\u00e1lat van b\u0151ven \u00e9s amikor csak tudunk, \u00e9l\u00fcnk is a lehet\u0151s\u00e9gekkel, tov\u00e1bbra is sokat vagyunk \u00faton.<\/p>\r\n<p>Nem jut eszembe most t\u00f6bb sikeres \u00e1tment\u00e9s.<\/p>\r\n<p>Kevesebbet vagyunk a szeretteinkkel, mint szeretn\u00e9nk, kevesebbet tal\u00e1lkozunk a bar\u00e1tainkkal, mint szeretn\u00e9nk. Igaz, hogy sokat dolgozunk, t\u00f6bbet, mint szeretn\u00e9nk, de ez nem ments\u00e9g.<\/p>\r\n<p>Nem tal\u00e1n \u00e9s nem esetleg: lehetn\u00e9nk a rendszer\u00fcnknek jobb gazd\u00e1i is.<\/p>\r\n<p>(A zene a mez\u0151t\u00fari 2019. szeptember 30-i fantasztikus P. Mobil koncert eml\u00e9k\u00e9re sz\u00f3ljon.)<\/p>\r\n<p>https:\/\/www.youtube.com\/watch?v=cYut0SQdfIY<\/p>\r\n<p>&nbsp;<\/p>\r\n<p>&nbsp;<\/p>","type":"rich"}

A rendszer és gazdája

<p>Az életünket október elejére már általában sikerül visszarendezni a nyári szabadság lazaságából a dolgos hétköznapokba. A lustább, kötetlenebb és következetlenebb nyári  életvitelt ilyenkorra már sikerülni szokott valamilyen elfogadható rendszerbe, ha nem is szorítani, de legalább terelgetni. Az idén ez (még) nem sikerült, de persze azért terelgetjük, igyekszünk a nyári kötetlenségből több dolgot átmenteni.  Megvalósítani nem tudtunk (még) mindent, de szeretnénk, ha kialakulna valamilyen elfogadható új egyensúly, ami viszonylag nagyobb erőfeszítés nélkül tartható és ami ki is tart a következő hosszabb szabadságig. </p>
<p>Így október első hete után jól látszik, hogy az új egyensúly nem alakult ki és a rossz hír az, hogy erőfeszítés nélkül nem is fog. Van azért néhány apró sikerünk, persze messze nem annyi, mint amennyit szerettünk volna, de hát be kell látni, hogy a rendszerünknek mi vagyunk a gazdái és talán, esetleg még az is lehetséges, hogy nem vagyunk jó gazdái.</p>
<p>De legyünk mértéktartóak az önvádban, nézzük inkább azt, ami sikerült.</p>
<p>Sikerült átmenteni a sziesztát, amit nagyon jól megszoktunk a szabadság ideje alatt, most ugyan csak hétvégén engedhetjük meg magunknak, de akkor meg is engedjük.</p>
<p>Sikerült belátni, hogy a szombati késő esti vagy éjszakába nyúló programokat át kell gondolni,  mert egy éjszakázás után csak egyetlen árva vasárnapunk van a pihenésre és hát annyi nem elég. Régebben elég volt,  most már nem, és ezt nehezen ugyan, de beláttuk. Így aztán a kínálatból olyat választunk, ami után még emberi időben haza tudunk érni és nem nyúlik bele (nagyon) az éjszakába. Kínálat van bőven és amikor csak tudunk, élünk is a lehetőségekkel, továbbra is sokat vagyunk úton.</p>
<p>Nem jut eszembe most több sikeres átmentés.</p>
<p>Kevesebbet vagyunk a szeretteinkkel, mint szeretnénk, kevesebbet találkozunk a barátainkkal, mint szeretnénk. Igaz, hogy sokat dolgozunk, többet, mint szeretnénk, de ez nem mentség.</p>
<p>Nem talán és nem esetleg: lehetnénk a rendszerünknek jobb gazdái is.</p>
<p>(A zene a mezőtúri 2019. szeptember 30-i fantasztikus P. Mobil koncert emlékére szóljon.)</p>
<p>https://www.youtube.com/watch?v=cYut0SQdfIY</p>
<p>&nbsp;</p>
<p>&nbsp;</p>
