{"version":"1.0","provider_name":"hogyan","provider_url":"https:\/\/choix.cafeblog.hu","author_name":"Katalin","author_url":"https:\/\/choix.cafeblog.hu\/author\/p-olah-katalingmail-com\/","title":"K\u00f6zel hozott t\u00f6rt\u00e9nelem","html":"<p><img class=\"alignnone size-medium wp-image-3283\" src=\"https:\/\/choix.cafeblog.hu\/files\/2019\/11\/katona-225x300.jpg\" alt=\"\" width=\"225\" height=\"300\" \/>\u00a0 \u00a0\u00a0<img class=\"alignnone size-medium wp-image-3317\" src=\"https:\/\/choix.cafeblog.hu\/files\/2019\/11\/puska-300x225.jpg\" alt=\"\" width=\"300\" height=\"225\" \/><\/p>\r\n<p>V\u00e1rosunkban II. Vil\u00e1gh\u00e1bor\u00fas hadt\u00f6rt\u00e9neti ki\u00e1ll\u00edt\u00e1s ny\u00edlt a hozz\u00e1tartoz\u00f3kt\u00f3l \u00f6sszegy\u0171jt\u00f6tt \u00e9s a k\u00f6rny\u00e9ken tal\u00e1lt katonai relikvi\u00e1kb\u00f3l.\u00a0 Tegnap megn\u00e9zt\u00fck \u00e9s r\u00e1ad\u00e1sk\u00e9nt k\u00e9t el\u0151ad\u00e1st is meghallgathattunk.\u00a0<\/p>\r\n<p>Az els\u0151 haditechnikai jelleg\u0171 volt, a m\u00e1sodik pedig t\u00f6rt\u00e9nelmi-helyt\u00f6rt\u00e9neti \u00e9s \u00e9n a m\u00e1sodik el\u0151ad\u00e1st v\u00e1rtam nagyon.\u00a0 A v\u00e1ros helyt\u00f6rt\u00e9n\u00e9sze besz\u00e9lt, aki \u00e9vekig komoly kutat\u00f3munk\u00e1t v\u00e9gzett arr\u00f3l, hogy a helyi katon\u00e1kat \u00e9s a civileket hogyan \u00e9rintette a v\u00e1rosunkon \u00e1tvonul\u00f3 front, milyen puszt\u00edt\u00e1st okozott \u00e9s milyen \u00e1ldozattal j\u00e1rt.<\/p>\r\n<p>Amikor a helyt\u00f6rt\u00e9n\u00e9sz besz\u00e9lt, k\u00f6zel j\u00f6tt a t\u00f6rt\u00e9nelem. K\u00f6zel j\u00f6tt minden, eg\u00e9szen k\u00f6zel. Bej\u00f6tt a\u00a0 szomsz\u00e9d utc\u00e1ba, bej\u00f6tt a k\u00f6rny\u00e9kre, a v\u00e1ros k\u00f6zpontj\u00e1ba \u00e9s a vas\u00fat\u00e1llom\u00e1sra. Bej\u00f6tt a csal\u00e1dba. Az \u00e9n csal\u00e1domb\u00f3l ketten is megj\u00e1rt\u00e1k az orosz hadifogs\u00e1got, t\u00fal\u00e9lt\u00e9k, hazaj\u00f6ttek \u00e9s mindketten igen magas kort \u00e9ltek meg. Keveset besz\u00e9ltek arr\u00f3l, ami ott t\u00f6rt\u00e9nt, de amit elmondtak, azt \u00f6r\u00f6kre megjegyeztem. A helyt\u00f6rt\u00e9neti el\u0151ad\u00e1s nagyon sokat adott nekem, mert\u00a0 nem csak meger\u0151s\u00edtette mindazt, amit a rokonaimt\u00f3l hallottam, hanem sok \u00faj dolgot is megtudtam, pl. most siker\u00fclt csak megismernem \u00e9s meg\u00e9rtenem az egyik csal\u00e1di vesztes\u00e9g\u00fcnk t\u00f6rt\u00e9nelmi h\u00e1tter\u00e9t is.\u00a0\u00a0<\/p>\r\n<p>Az el\u0151ad\u00f3 korabeli k\u00e9peket is bemutatott\u00a0arr\u00f3l, hogyan indultak a katon\u00e1k az orosz frontra, hogyan vagon\u00edrozt\u00e1k be \u0151ket, l\u00e1ttuk az orosz telet, szinte \u00e9rezt\u00fck az orosz hideget. Belepillanthattunk a katon\u00e1k szeretteikhez \u00edrt leveleibe \u00e9s l\u00e1thattuk a hal\u00e1lh\u00edrt hoz\u00f3 sz\u0171kszav\u00fa \u00e9rtes\u00edt\u00e9seket is.\u00a0Az el\u0151ad\u00e1s k\u00f6zben felfigyeltem az ismer\u0151s helysz\u00ednekre, az ismer\u0151s nevekre \u00e9s szinte l\u00e1ttam magam el\u0151tt, mi t\u00f6rt\u00e9nt 1944. okt\u00f3ber\u00e9ben, itt, ahol most \u00e9l\u00fcnk.\u00a0<\/p>\r\n<p>A mi helyt\u00f6rt\u00e9n\u00e9sz\u00fcnk \u00fagy besz\u00e9lt a t\u00e9nyekr\u0151l, az elesett katon\u00e1kr\u00f3l, a hadifogs\u00e1gba hurcolt emberekr\u0151l, v\u00e1rosunk n\u00e9hai lak\u00f3ir\u00f3l - akiket a sz\u00fcleink ak\u00e1r m\u00e9g ismerhettek is -, hogy szinte \u00e9rezt\u00fck a h\u00e1bor\u00fat.\u00a0 K\u00f6zel hozta hozz\u00e1nk a t\u00f6rt\u00e9nelmet.<\/p>\r\n<p>K\u00f6sz\u00f6net \u00e9rte.<\/p>\r\n<p>&nbsp;<\/p>","type":"rich"}

Közel hozott történelem

<p><img class="alignnone size-medium wp-image-3283" src="https://choix.cafeblog.hu/files/2019/11/katona-225x300.jpg" alt="" width="225" height="300" />    <img class="alignnone size-medium wp-image-3317" src="https://choix.cafeblog.hu/files/2019/11/puska-300x225.jpg" alt="" width="300" height="225" /></p>
<p>Városunkban II. Világháborús hadtörténeti kiállítás nyílt a hozzátartozóktól összegyűjtött és a környéken talált katonai relikviákból.  Tegnap megnéztük és ráadásként két előadást is meghallgathattunk. </p>
<p>Az első haditechnikai jellegű volt, a második pedig történelmi-helytörténeti és én a második előadást vártam nagyon.  A város helytörténésze beszélt, aki évekig komoly kutatómunkát végzett arról, hogy a helyi katonákat és a civileket hogyan érintette a városunkon átvonuló front, milyen pusztítást okozott és milyen áldozattal járt.</p>
<p>Amikor a helytörténész beszélt, közel jött a történelem. Közel jött minden, egészen közel. Bejött a  szomszéd utcába, bejött a környékre, a város központjába és a vasútállomásra. Bejött a családba. Az én családomból ketten is megjárták az orosz hadifogságot, túlélték, hazajöttek és mindketten igen magas kort éltek meg. Keveset beszéltek arról, ami ott történt, de amit elmondtak, azt örökre megjegyeztem. A helytörténeti előadás nagyon sokat adott nekem, mert  nem csak megerősítette mindazt, amit a rokonaimtól hallottam, hanem sok új dolgot is megtudtam, pl. most sikerült csak megismernem és megértenem az egyik családi veszteségünk történelmi hátterét is.  </p>
<p>Az előadó korabeli képeket is bemutatott arról, hogyan indultak a katonák az orosz frontra, hogyan vagonírozták be őket, láttuk az orosz telet, szinte éreztük az orosz hideget. Belepillanthattunk a katonák szeretteikhez írt leveleibe és láthattuk a halálhírt hozó szűkszavú értesítéseket is. Az előadás közben felfigyeltem az ismerős helyszínekre, az ismerős nevekre és szinte láttam magam előtt, mi történt 1944. októberében, itt, ahol most élünk. </p>
<p>A mi helytörténészünk úgy beszélt a tényekről, az elesett katonákról, a hadifogságba hurcolt emberekről, városunk néhai lakóiról - akiket a szüleink akár még ismerhettek is -, hogy szinte éreztük a háborút.  Közel hozta hozzánk a történelmet.</p>
<p>Köszönet érte.</p>
<p>&nbsp;</p>
