{"version":"1.0","provider_name":"hogyan","provider_url":"https:\/\/choix.cafeblog.hu","author_name":"Katalin","author_url":"https:\/\/choix.cafeblog.hu\/author\/p-olah-katalingmail-com\/","title":"Az ember trag\u00e9dia? Lehet.","html":"<p>K\u00e9t k\u00f6nyvet\u00a0p\u00e1rhuzamosan csak v\u00e9gs\u0151 k\u00e9ts\u00e9gbees\u00e9semben szoktam\u00a0olvasni, csakis akkor, amikor az els\u0151nek elkezdett olvasm\u00e1ny nagyon neh\u00e9z \u00e9s egyszer\u0171en kell mell\u00e9 valami k\u00f6nnyebb, amivel kib\u00edrhat\u00f3 az, ami neh\u00e9z.<\/p>\r\n<p>Mad\u00e1ch Imre Az ember trag\u00e9di\u00e1ja c\u00edm\u0171 dr\u00e1m\u00e1ja t\u00e9nyleg nem k\u00f6nny\u0171, eml\u00e9kszem, mennyire siettem gimnazista koromban t\u00falesni rajta, ahogyan tettem ezt akkoriban \u00e1ltal\u00e1ban a k\u00f6telez\u0151kkel. De akkor 17 \u00e9ves voltam, tal\u00e1n \u00e9rthet\u0151 is volt a siets\u00e9gem, hiszen sokkal izgalmasabb volt a feln\u0151tt\u00e9 v\u00e1l\u00e1st pr\u00f3b\u00e1lgatni, bar\u00e1tn\u0151kkel erre-arra l\u00f3gni \u00e9sat\u00f6bbi, mint a k\u00f6telez\u0151kkel bajl\u00f3dni. Valahogy t\u00faljutottam h\u00e1t Az ember trag\u00e9di\u00e1j\u00e1n, an\u00e9lk\u00fcl, hogy tulajdonk\u00e9ppen b\u00e1rmit is komolyan meg\u00e9rtettem volna bel\u0151le.<\/p>\r\n<p>Most viszont \u00e9ppen negyven \u00e9vvel vagyok id\u0151sebb az akkori \u00f6nmagamt\u00f3l, n\u00e9mileg tapasztaltabb \u00e9s tal\u00e1n b\u00f6lcsebb is lettem, \u00edgy most\u00a0 \u00f6nsz\u00e1ntamb\u00f3l \u00e9s t\u00e9nyleg val\u00f3di \u00e9rdekl\u0151d\u00e9ssel kezdtem hozz\u00e1 a Trag\u00e9dia olvas\u00e1s\u00e1hoz.<\/p>\r\n<p>\u00c9l\u00e9nken eml\u00e9keztem, mennyire\u00a0 neh\u00e9z olvasm\u00e1ny volt ez negyven \u00e9vvel ezel\u0151tt, ez\u00e9rt most gyorsan kerestem mell\u00e9 valami k\u00f6nnyebbet, de miel\u0151tt leemeltem volna a polcr\u00f3l valami t\u00e9nyleg k\u00f6nny\u0171t, hirtelen \u00fagy \u00e9reztem, el\u00e9g nagy tiszteletlens\u00e9g lenne Mad\u00e1ch Imr\u00e9vel szemben, ha egy val\u00f3ban k\u00f6nny\u0171t v\u00e1lasztan\u00e9k, mondjuk valami ponyv\u00e1t, ez\u00e9rt azt\u00e1n pironkodva visszah\u00faztam a kezem a nem is mondom meg, melyik k\u00f6nyvt\u0151l, \u00e9s helyette valami k\u00f6z\u00e9putas megold\u00e1st kerestem. Kap\u00f3ra j\u00f6tt, hogy akkoriban l\u00e1ttuk\u00a0 Tam\u00e1si \u00c1ron \u00c9nekes mad\u00e1r c\u00edm\u0171 sz\u00e9kely n\u00e9pi j\u00e1t\u00e9k\u00e1t G\u00f6d\u00f6ll\u0151n. Az el\u0151ad\u00e1s nagyon sz\u00e9p, a t\u00f6rt\u00e9net pedig \u00e9rdekes volt, Tam\u00e1si \u00c1ron farkaslakai s\u00edrja is minden sz\u00e9kelyf\u00f6ldi utunk k\u00f6telez\u0151je, gondoltam, legyen akkor az.<\/p>\r\n<p>El\u00e9g gyorsan kider\u00fclt, hogy nem volt j\u00f3 v\u00e1laszt\u00e1s p\u00e1rhuzamosan elkezdeni a kett\u0151t, mert b\u00e1r tudtam, hogy a p\u00e1rhuzamosok majd egyszer a v\u00e9gtelenben tal\u00e1lkoznak, ez a tal\u00e1lkoz\u00e1s most nem a v\u00e9gtelenben, hanem sokkal hamarabb megt\u00f6rt\u00e9nt.<\/p>\r\n<p>A k\u00e9t olvasm\u00e1ny ugyanis nagyon hamar \u00f6ssze\u00e9rt, nagyj\u00e1b\u00f3l az ath\u00e9ni sz\u00edn \u00e9s a n\u00e9pi j\u00e1t\u00e9k els\u0151 felvon\u00e1s\u00e1nak a v\u00e9g\u00e9n. Ott m\u00e1r tudtam, hogy nem lehets\u00e9ges tov\u00e1bb a kett\u0151t p\u00e1rhuzamosan olvasni, mert az \u00c9nekes mad\u00e1r sem k\u00f6nny\u0171,\u00a0 \u00e9s ebb\u0151l azt a k\u00f6vetkeztet\u00e9st vonhattam le, hogy most, negyven \u00e9vvel\u00a0(mondjuk \u00fagy) b\u00f6lcsebben a sz\u00ednpadon l\u00e1tott Tam\u00e1si \u00c1ron darabot ugyan\u00fagy nem \u00e9rtettem meg, mint\u00a0 ahogyan a Trag\u00e9di\u00e1t 17 \u00e9vesen.<\/p>\r\n<p>Nagyj\u00e1b\u00f3l teh\u00e1t Ath\u00e9n ut\u00e1n le is tettem a Trag\u00e9di\u00e1t \u00e9s egy id\u0151re csak a sz\u00e9kelyek vil\u00e1g\u00e1ba mer\u00fcltem bele. Amikor pedig befejeztem az \u00c9nekes madarat, csak n\u00e9ztem magam el\u00e9.<\/p>\r\n<p>T\u00e9nyleg ilyen lenne az ember? 57 \u00e9vesen m\u00e1r tudok egyet \u00e9s m\u00e1st az \u00e9letr\u0151l \u00e9n is, de hogy ennyire gyarl\u00f3k, irigyek, f\u00e9lt\u00e9kenyek, rosszindulat\u00faak \u00e9s \u00e1rm\u00e1nykod\u00f3k lenn\u00e9nk? T\u00e9nyleg csak a hamvasan na\u00edv fiatals\u00e1g lehet tiszta \u00e9s j\u00f3? Az \u00e9n rajong\u00e1sig im\u00e1dott Sz\u00e9kelyf\u00f6ldem sz\u00fcl\u00f6tte, Tam\u00e1si \u00c1ron maga is \u00fagy l\u00e1tja, hogy az ember egy \u00f6lni k\u00e9pes \u00e1llat? Akkor is, ha sz\u00e9kely?<\/p>\r\n<p>\u00c9s hogy nem vettem ezt \u00e9szre a sz\u00ednh\u00e1zi el\u0151ad\u00e1sban?<\/p>\r\n<p>Tal\u00e1n mert nem is hallottam j\u00f3l a sz\u00edn\u00e9szeket (pocs\u00e9k volt a hangos\u00edt\u00e1s, vagy t\u00e1n nem is volt), vagy mert elvonta a figyelmem a sz\u00ednpadi d\u00edszletek vil\u00e1ga?\u00a0Nem tudom. Nagyon r\u00e9gi v\u00e1gyam volt l\u00e1tni ezt a darabot \u00e9s val\u00f3ban csodasz\u00e9p el\u0151ad\u00e1st l\u00e1ttam, de most, amikor el is olvastam,\u00a0 szembes\u00fcln\u00f6m kellett azzal, hogy bizony nem \u00e9rtettem meg vagy nem j\u00f3l \u00e9rtettem meg.<\/p>\r\n<p>El\u00e9g keser\u0171en fejeztem be Tam\u00e1si \u00c1ront \u00e9s vettem \u00fajra a kezembe a Trag\u00e9di\u00e1t, hogy tov\u00e1bb olvassam.\u00a0<\/p>\r\n<p>M\u00e9g nem \u00e9rtem a v\u00e9g\u00e9re, de k\u00e9pzelj\u00e9tek, eg\u00e9sz egyszer\u0171en im\u00e1dom olvasni. Ahogy \u00c1d\u00e1m az eszm\u00e9nyek\u00e9rt rajong, majd meggy\u00f6t\u00f6rten ki\u00e1br\u00e1ndul, ahogy Lucifer cinikusan magyar\u00e1zza a vil\u00e1got, \u00e9s ahogy \u00c9v\u00e1n kereszt\u00fcl megl\u00e1thatjuk a N\u0151 sokf\u00e9le arc\u00e1t, engem, nincs jobb sz\u00f3 r\u00e1, leny\u0171g\u00f6z.<\/p>\r\n<p>Nem engedn\u00e9m k\u00f6telez\u0151 olvasm\u00e1nyk\u00e9nt a\u00a017 \u00e9vesek kez\u00e9be adni, de minden mag\u00e1t \u00e9rettnek tart\u00f3 feln\u0151ttel bizony elolvastatn\u00e1m. Lassan, nem sietve, nem gyorsan \"letudva\", hanem figyelmesen, gondosan, a tanulni \u00e9s \u00f6sszegezni v\u00e1gy\u00f3 ember szomj\u00fas\u00e1g\u00e1val.<\/p>\r\n<p>Amit \u00e9n 17 \u00e9vesen gyakorlatilag \u00e1tlapozva \"elolvastam\", azt most lassan, szinte minden mondat ut\u00e1n meg\u00e1llva \u00e9s \u00e9rtelmezve teszem \u00e9s annyira j\u00f3, hogy a magam, ak\u00e1r keser\u0171 tapasztalatai \u00e1ltal is, \u00e9rteni v\u00e9lem Mad\u00e1ch Imr\u00e9t.\u00a0<\/p>\r\n<p>Mert igen, gyarl\u00f3k vagyunk \u00e9s olykor gonoszak is. Irigyek, f\u00e9lt\u00e9kenyek \u00e9s \u00e1rm\u00e1nykod\u00f3k. \u00c9s igen, az Ember s\u00f6t\u00e9t oldala nem letagadhat\u00f3. Akkor sem, ha ez t\u00e9nyleg trag\u00e9dia.<\/p>\r\n<p>Nekem Az ember trag\u00e9di\u00e1j\u00e1ra meg kellett \u00e9rnem. Biztos van, aki\u00a0 kor\u00e1bban meg\u00e9rik r\u00e1, nekem most, 57 \u00e9vesen siker\u00fclt.<\/p>\r\n<p>&nbsp;<\/p>\r\n<p>&nbsp;<\/p>","type":"rich"}

Az ember tragédia? Lehet.

<p>Két könyvet párhuzamosan csak végső kétségbeesésemben szoktam olvasni, csakis akkor, amikor az elsőnek elkezdett olvasmány nagyon nehéz és egyszerűen kell mellé valami könnyebb, amivel kibírható az, ami nehéz.</p>
<p>Madách Imre Az ember tragédiája című drámája tényleg nem könnyű, emlékszem, mennyire siettem gimnazista koromban túlesni rajta, ahogyan tettem ezt akkoriban általában a kötelezőkkel. De akkor 17 éves voltam, talán érthető is volt a sietségem, hiszen sokkal izgalmasabb volt a felnőtté válást próbálgatni, barátnőkkel erre-arra lógni ésatöbbi, mint a kötelezőkkel bajlódni. Valahogy túljutottam hát Az ember tragédiáján, anélkül, hogy tulajdonképpen bármit is komolyan megértettem volna belőle.</p>
<p>Most viszont éppen negyven évvel vagyok idősebb az akkori önmagamtól, némileg tapasztaltabb és talán bölcsebb is lettem, így most  önszántamból és tényleg valódi érdeklődéssel kezdtem hozzá a Tragédia olvasásához.</p>
<p>Élénken emlékeztem, mennyire  nehéz olvasmány volt ez negyven évvel ezelőtt, ezért most gyorsan kerestem mellé valami könnyebbet, de mielőtt leemeltem volna a polcról valami tényleg könnyűt, hirtelen úgy éreztem, elég nagy tiszteletlenség lenne Madách Imrével szemben, ha egy valóban könnyűt választanék, mondjuk valami ponyvát, ezért aztán pironkodva visszahúztam a kezem a nem is mondom meg, melyik könyvtől, és helyette valami középutas megoldást kerestem. Kapóra jött, hogy akkoriban láttuk  Tamási Áron Énekes madár című székely népi játékát Gödöllőn. Az előadás nagyon szép, a történet pedig érdekes volt, Tamási Áron farkaslakai sírja is minden székelyföldi utunk kötelezője, gondoltam, legyen akkor az.</p>
<p>Elég gyorsan kiderült, hogy nem volt jó választás párhuzamosan elkezdeni a kettőt, mert bár tudtam, hogy a párhuzamosok majd egyszer a végtelenben találkoznak, ez a találkozás most nem a végtelenben, hanem sokkal hamarabb megtörtént.</p>
<p>A két olvasmány ugyanis nagyon hamar összeért, nagyjából az athéni szín és a népi játék első felvonásának a végén. Ott már tudtam, hogy nem lehetséges tovább a kettőt párhuzamosan olvasni, mert az Énekes madár sem könnyű,  és ebből azt a következtetést vonhattam le, hogy most, negyven évvel (mondjuk úgy) bölcsebben a színpadon látott Tamási Áron darabot ugyanúgy nem értettem meg, mint  ahogyan a Tragédiát 17 évesen.</p>
<p>Nagyjából tehát Athén után le is tettem a Tragédiát és egy időre csak a székelyek világába merültem bele. Amikor pedig befejeztem az Énekes madarat, csak néztem magam elé.</p>
<p>Tényleg ilyen lenne az ember? 57 évesen már tudok egyet és mást az életről én is, de hogy ennyire gyarlók, irigyek, féltékenyek, rosszindulatúak és ármánykodók lennénk? Tényleg csak a hamvasan naív fiatalság lehet tiszta és jó? Az én rajongásig imádott Székelyföldem szülötte, Tamási Áron maga is úgy látja, hogy az ember egy ölni képes állat? Akkor is, ha székely?</p>
<p>És hogy nem vettem ezt észre a színházi előadásban?</p>
<p>Talán mert nem is hallottam jól a színészeket (pocsék volt a hangosítás, vagy tán nem is volt), vagy mert elvonta a figyelmem a színpadi díszletek világa? Nem tudom. Nagyon régi vágyam volt látni ezt a darabot és valóban csodaszép előadást láttam, de most, amikor el is olvastam,  szembesülnöm kellett azzal, hogy bizony nem értettem meg vagy nem jól értettem meg.</p>
<p>Elég keserűen fejeztem be Tamási Áront és vettem újra a kezembe a Tragédiát, hogy tovább olvassam. </p>
<p>Még nem értem a végére, de képzeljétek, egész egyszerűen imádom olvasni. Ahogy Ádám az eszményekért rajong, majd meggyötörten kiábrándul, ahogy Lucifer cinikusan magyarázza a világot, és ahogy Éván keresztül megláthatjuk a Nő sokféle arcát, engem, nincs jobb szó rá, lenyűgöz.</p>
<p>Nem engedném kötelező olvasmányként a 17 évesek kezébe adni, de minden magát érettnek tartó felnőttel bizony elolvastatnám. Lassan, nem sietve, nem gyorsan "letudva", hanem figyelmesen, gondosan, a tanulni és összegezni vágyó ember szomjúságával.</p>
<p>Amit én 17 évesen gyakorlatilag átlapozva "elolvastam", azt most lassan, szinte minden mondat után megállva és értelmezve teszem és annyira jó, hogy a magam, akár keserű tapasztalatai által is, érteni vélem Madách Imrét. </p>
<p>Mert igen, gyarlók vagyunk és olykor gonoszak is. Irigyek, féltékenyek és ármánykodók. És igen, az Ember sötét oldala nem letagadható. Akkor sem, ha ez tényleg tragédia.</p>
<p>Nekem Az ember tragédiájára meg kellett érnem. Biztos van, aki  korábban megérik rá, nekem most, 57 évesen sikerült.</p>
<p>&nbsp;</p>
<p>&nbsp;</p>
