{"version":"1.0","provider_name":"hogyan","provider_url":"https:\/\/choix.cafeblog.hu","author_name":"Katalin","author_url":"https:\/\/choix.cafeblog.hu\/author\/p-olah-katalingmail-com\/","title":"23. Mi\u00e9rtek","html":"<p><img class=\"alignnone size-medium wp-image-5139\" src=\"https:\/\/choix.cafeblog.hu\/files\/2020\/12\/t\u0171zt\u00f6vis-225x300.jpg\" alt=\"\" width=\"225\" height=\"300\" \/><\/p>\r\n<p>Mi\u00e9rt nem csin\u00e1ltam meg az adventi koszor\u00fat, a terasz d\u00edsz\u00edt\u00e9s\u00e9t, a nagytakar\u00edt\u00e1st, a hatfog\u00e1sos vacsor\u00e1t, a hatf\u00e9le s\u00fctem\u00e9nyt \u00e9s az ajt\u00f3d\u00edszt? Mi\u00e9rt nem \u00f6lt\u00f6ztettem d\u00edszbe a h\u00e1zat? Mi\u00e9rt a legkisebb feny\u0151f\u00e1t vettem meg? Mi\u00e9rt nem vettem aj\u00e1nd\u00e9kokat?\u00a0<\/p>\r\n<p>Mert nekem a kar\u00e1csony m\u00e1r nem err\u0151l sz\u00f3l.\u00a0<\/p>\r\n<p>Negyedik korszak\u00e1ba l\u00e9pett az \u00fcnnep n\u00e1lunk, mondhatjuk, hogy \u00e9rett kor\u00fa lett. Az els\u0151ben gyerek voltam \u00e9s v\u00e1rtam a csillog\u00e1st, a vend\u00e9geket, az aj\u00e1nd\u00e9kokat. A m\u00e1sodikban \u00e9n teremtettem meg ugyanezt a gyerekeimnek. A harmadik az \u0151 \"kirep\u00fcl\u00e9s\u00fck\" ut\u00e1n j\u00f6tt el, amikor ketten maradtunk. Akkor ketten tal\u00e1ltuk ki magunknak a kar\u00e1csonyt \u00e9s \u00faj hagyom\u00e1nyt teremtett\u00fcnk.<\/p>\r\n<p>Az id\u00e9n nem tudjuk ezt a hagyom\u00e1nyt folytatni, de nem is fogunk \u00fajat teremteni. Nehezen, de elfogadtuk, hogy most m\u00e1sk\u00e9pp \u00e9lj\u00fck meg az \u00fcnnepet. J\u00f3 messzire elengedt\u00fck ezt a kar\u00e1csonyt, vagyis ink\u00e1bb hagytuk, hogy a probl\u00e9m\u00e1k megoldj\u00e1k magukat. Van, amelyik megoldotta, van, amelyik nem. Nem sz\u00e1m\u00edt.\u00a0<\/p>\r\n<p>Nem ez sz\u00e1m\u00edt.<\/p>\r\n<p>Vissz\u00fck tov\u00e1bb, amit tudunk. Amit nem tudunk, azt pedig engedj\u00fck, hadd menjen.<\/p>\r\n<p>Mi marad \u00edgy?<\/p>\r\n<p>A sz\u00e9pen feld\u00edsz\u00edtett kar\u00e1csonyfa. Az \u00e9vtizedes hagyom\u00e1nyunk, a birkap\u00f6rk\u00f6lt. A t\u00f6rt\u00e9netmes\u00e9l\u00e9s. \u00c9desany\u00e1m csillog\u00f3 szeme. N\u00e9gyen \u00fcl\u00fcnk majd az asztal k\u00f6r\u00fcl \u00e9s amikor meggy\u00fajtjuk a gyerty\u00e1t, az \u00e9n szemem is biztosan csillogni fog.<\/p>\r\n<p>&nbsp;<\/p>","type":"rich"}

23. Miértek

<p><img class="alignnone size-medium wp-image-5139" src="https://choix.cafeblog.hu/files/2020/12/tűztövis-225x300.jpg" alt="" width="225" height="300" /></p>
<p>Miért nem csináltam meg az adventi koszorút, a terasz díszítését, a nagytakarítást, a hatfogásos vacsorát, a hatféle süteményt és az ajtódíszt? Miért nem öltöztettem díszbe a házat? Miért a legkisebb fenyőfát vettem meg? Miért nem vettem ajándékokat? </p>
<p>Mert nekem a karácsony már nem erről szól. </p>
<p>Negyedik korszakába lépett az ünnep nálunk, mondhatjuk, hogy érett korú lett. Az elsőben gyerek voltam és vártam a csillogást, a vendégeket, az ajándékokat. A másodikban én teremtettem meg ugyanezt a gyerekeimnek. A harmadik az ő "kirepülésük" után jött el, amikor ketten maradtunk. Akkor ketten találtuk ki magunknak a karácsonyt és új hagyományt teremtettünk.</p>
<p>Az idén nem tudjuk ezt a hagyományt folytatni, de nem is fogunk újat teremteni. Nehezen, de elfogadtuk, hogy most másképp éljük meg az ünnepet. Jó messzire elengedtük ezt a karácsonyt, vagyis inkább hagytuk, hogy a problémák megoldják magukat. Van, amelyik megoldotta, van, amelyik nem. Nem számít. </p>
<p>Nem ez számít.</p>
<p>Visszük tovább, amit tudunk. Amit nem tudunk, azt pedig engedjük, hadd menjen.</p>
<p>Mi marad így?</p>
<p>A szépen feldíszített karácsonyfa. Az évtizedes hagyományunk, a birkapörkölt. A történetmesélés. Édesanyám csillogó szeme. Négyen ülünk majd az asztal körül és amikor meggyújtjuk a gyertyát, az én szemem is biztosan csillogni fog.</p>
<p>&nbsp;</p>
